etermine v(x).
-5
Let q(f) = -f. Let o be q(-2). Let h(g) = g**2 - 15*g + 56. Let y be h(10). Let v(l) = -y*l**2 - 2*l**o - l - 1 + 7*l**2. What is v(-1)?
-1
Let u = 3264 - 3270. Let d(m) = -13*m - 78. What is d(u)?
0
Let b = -98 + 142. Suppose 13*c - 2*c - b = 0. Let h(z) = 0 + z**2 - 7*z + 2 + z. Determine h(c).
-6
Suppose 4*a - 28 = n, 5*n + a = -2*a - 25. Let x(p) = -169 + 79 + 79 - p. Calculate x(n).
-3
Let s = 37 + -34. Let n(c) = -c**3 - 3*c**2 - 4*c**2 + s*c**2 - 3*c**2 + 3. Let p be 2 - (-27)/(-6)*2. Calculate n(p).
3
Let w(u) = u**2 + 10*u + 1. Suppose -2*h - 10*m - 19 = -11*m, -h + m - 9 = 0. Calculate w(h).
1
Let u(r) = -r**3 - 5*r**2 + 5*r + 5. Let i be u(-6). Let z(y) = 9*y + y**2 - 25*y + i*y. Give z(6).
6
Suppose 13 = -6159*b + 6146*b. Let u(a) = 1. Let g(j) = 4*j**2 - 7. Let k(v) = -g(v) - 6*u(v). What is k(b)?
-3
Let a(i) be the first derivative of i**3/3 + 11*i**2/2 - 10*i - 4. Give a(-12).
2
Suppose -40 = 9*c - 4*c. Let r be -3 + (-20)/c*18/5. Let k(x) = x. Calculate k(r).
6
Let u(p) be the second derivative of -p**3/6 + 11*p**2/2 - 90*p - 3. What is u(5)?
6
Let c(d) = -5*d**2 + 3*d - 19. Let h(s) = -2*s**2 + 2*s - 9. Let z(w) = 3*c(w) - 7*h(w). Give z(-5).
6
Let m(t) = -t**3 + 8*t**2 - 9*t - 12. Let x be m(6). Let y(f) = -f**3 + 6*f**2 + 3*f + 4. What is y(x)?
22
Let z(j) = j**3 + j**2 - 6*j**2 + 0*j**2 + 7 - 4 - 6*j. Suppose 17 = 2*v + 5*q, 9 = 5*v - 4*v + 3*q. Determine z(v).
3
Let w(r) be the first derivative of r**4/4 - r**3 + 2*r**2 - 3*r - 55. Give w(3).
9
Suppose -9 = h - 3*m + 2*m, -21 = 5*h + 3*m. Let y(b) = 2*b + 4. Determine y(h).
-8
Suppose 2*g = 4*g + 8. Let v(t) = -3*t - 7. Let o be v(g). Let b(i) = i**3 - 6*i**2 + 3*i + 4. What is b(o)?
-6
Let k = 13 + -14. Let j(a) = -358 + 721 + 20*a - 364. What is j(k)?
-21
Let y(n) be the second derivative of -5/6*n**3 + 1/2*n**4 + 21*n + 0 + 1/20*n**5 + 1/2*n**2. Give y(-6).
31
Let v(s) = -s**3 - 27*s**2 + 4*s + 121. Let m be v(-27). Let g(q) = -q**2 + 14*q - 8. Determine g(m).
5
Let w(l) = -3*l - 13. Let f(z) = z + 4. Let u(h) = 8*f(h) + 3*w(h). Suppose -11*g - 592 = 596. Let a = -115 - g. Calculate u(a).
0
Let q(i) be the third derivative of -i**7/2520 - i**6/144 + i**5/30 - 7*i**4/12 + 2*i**2. Let y(j) be the second derivative of q(j). Determine y(-6).
-2
Let j = -190 - -190. Let u(v) be the second derivative of 4*v + 1/2*v**2 + 1/2*v**3 + j. What is u(-2)?
-5
Let n(l) = -8*l**3 + 66*l**2 + 30*l - 50. Let o(z) = -3*z**3 + 23*z**2 + 10*z - 17. Let m(g) = 4*n(g) - 11*o(g). What is m(-10)?
-13
Suppose -72*y = -70*y + 10. Let g(s) = -s**2 - 8*s - 13. Calculate g(y).
2
Let p(r) = 1 - 47*r + 2*r**2 + 71*r - 30*r + 1. Calculate p(5).
22
Let g(p) = 3*p**3 + 4*p - 5. Let c(m) = 14*m**3 + 18*m - 22. Let x(z) = -2*c(z) + 9*g(z). Give x(-2).
7
Let l(m) = -m**2 - 4*m - 3. Let p(x) = x**3 + 11*x**2 + 9*x - 6. Let g be p(-10). Suppose r = 2*y + 15, 0*y - 2*y = -g*r + 30. Give l(y).
-8
Let t(h) = h**2 - 20*h + 2. Let c(a) = -3*a + 1. Let l(o) = 6*c(o) - t(o). Give l(4).
-4
Let a(k) = -6*k. Let q(b) = 32*b + 2. Let f(o) = 11*a(o) + 2*q(o). Let g be (-1)/(-2)*6/1. Determine f(g).
-2
Let t(w) = w**2 - 9*w + 26. Let r be t(3). Let p(o) = -o**3 + 6*o**2 + 7*o + 11. Give p(r).
-61
Let p(v) = -5*v**2 - v - 4*v**3 + 3*v**2 + 5*v**3 + 0*v. Let m be 4/18 - 156/(-27). Let x be (20/m - 3)*9. Calculate p(x).
6
Let z(v) = 3*v**2 + 15*v - 1. Let p(h) = -10*h**2 - 46*h + 6. Let c(b) = -2*p(b) - 7*z(b). Give c(-12).
7
Let v = -584 + 591. Let p(m) = -m**3 + 6*m**2 + 4*m - 5. Determine p(v).
-26
Let m(j) be the second derivative of j**4/12 + j**3/2 - 5*j**2/2 + 488*j - 1. Let x(g) = -2*g + 2. Let l be x(4). Give m(l).
13
Suppose -4*i = i + 5*m - 30, 0 = -2*m + 6. Let x be i - (-1)/((-1)/(-1)). Suppose x*s + 1 = -p, 0 = 2*s + 2*p + 2. Let q(g) = g - 5. What is q(s)?
-5
Suppose -64*r - 9 = -55*r. Let a(o) = -4*o**2 + 4*o**2 - 10*o**3. What is a(r)?
10
Let k be 3/(-5) - (0 + 140/(-25)). Let y(l) = -3*l**2 + l + 7. Let d(g) = 3*g**2 - 2*g - 8. Let r(a) = k*y(a) + 4*d(a). Determine r(2).
-15
Let q(m) = -53 - m**2 + 9*m**3 + 53. Give q(-1).
-10
Let k(d) = d + 16. Let r(t) = -2*t - 32. Suppose s - a = 6, 5 = -0*s + 2*s + 5*a. Let i(w) = s*k(w) + 3*r(w). Let o be (4 + 3)/(-1*1). Give i(o).
-9
Suppose -50*k = -58*k + 32. Let s(f) = -f**3 + 3*f**2 + 4*f + 3. What is s(k)?
3
Let h(r) be the second derivative of -r**5/20 - r**4/4 + r**2/2 + 91*r. Determine h(2).
-19
Let f be 308/(-35) + 1/(-5). Let l = 2 + f. Let o = -9 - l. Let z(k) = 2*k. Calculate z(o).
-4
Let d(f) = 4*f**2 + 6*f + 1. Let q(m) = m**2 + 1. Let g(h) = -d(h) + 3*q(h). Suppose 2*n + 8 + 8 = -2*x, -3*n - 45 = -18*x. What is g(n)?
-25
Let n be (5*1)/(11/11). Let l(f) be the third derivative of 4*f**2 + 1/4*f**4 + 0 - 1/15*f**n - 1/120*f**6 + 1/3*f**3 + 0*f. Determine l(-5).
-3
Let o be 180/75 + (-2)/10*2. Suppose -2*i + 1 = -o*r - 5*i, -2*r = -i - 11. Let v(y) = -y - 1. What is v(r)?
-5
Let s(c) = 8*c + 0 + 2 - c**2 - 10 + 3. Calculate s(6).
7
Let o = -1 + 1. Let d(w) be the first derivative of 71 + 0*w**2 + 3*w - 1/3*w**3. Calculate d(o).
3
Let t(z) = 2*z + 5. Let h(q) = -2*q - 38. Let v = -57 - -40. Let w be h(v). What is t(w)?
-3
Let v(u) = -18*u**3 + u**2. Suppose 0 = -4*k + 12. Suppose -2*n + 2 = -3*d, -k*n + 3 = -d + 3*d. Calculate v(n).
-17
Let a(u) = u + 4. Suppose 32*m - 26*m = -12. Calculate a(m).
2
Let l(v) = -v. Suppose 8*t = 1 + 15. Let o be (0 - t) + (-16)/(-4). Suppose 2*p = -2*y + 6, -4*p + o*y - 7*y + 15 = 0. Calculate l(p).
0
Let n(g) = 7*g**2 + 16*g + 12. Let m(i) = -10*i**2 - 24*i - 18. Let h(x) = 5*m(x) + 7*n(x). Determine h(-8).
-6
Let s be 5/3*(-102)/(-85). Suppose s*p = 0, -18 = 4*y + 2*p + 10. Let t(l) = -l**2 - 6*l. What is t(y)?
-7
Let p(r) = 48*r - 188*r + 40*r + 2*r**2 + 41*r + 48*r + 12. Give p(6).
18
Let b(f) = 5*f**2 - 4*f + 4. Let g(a) = 9*a**2 - 7*a + 7. Let s(o) = -7*b(o) + 4*g(o). Give s(2).
4
Suppose 0*v - 9 = 3*v. Let b(x) be the first derivative of 2*x**3/3 + 5*x**2/2 + 2*x + 11. Give b(v).
5
Let h(o) = o**3 - 3*o**2 + 3*o - 1. Let n = 15 - 5. Suppose d - 9*d = -40. Suppose -2*t - 2*t - 16 = -4*v, -5*t + n = d*v. What is h(v)?
8
Let p(y) = y**2 + 9*y + 8. Let d be (-47)/5 + 48/120. Let o be 3/(-2)*(-48)/d. Determine p(o).
0
Let x(m) = -m**3 - 16*m**2 - m - 20. Suppose -7 = -9*a - 151. Calculate x(a).
-4
Let v(h) = h**2 + 13*h + 12. Let t = 328 + -336. What is v(t)?
-28
Let y(q) be the second derivative of q**4/12 + 7*q**2 + 24*q. Suppose -f + 5*f = -96. Let l be 3 - (f/(-4) - 3). Give y(l).
14
Let y be (-2)/((-7)/((-63)/6)). Let j(a) be the second derivative of -a**4/12 - a**3/2 + a**2/2 - 4*a - 12. Calculate j(y).
1
Let n = -12 + 18. Let b(d) = d**2 - 6*d + 3. Let g be (3 - 2)/((-1)/(-1)). Let j(i) = -1. Let s(k) = g*j(k) + b(k). Determine s(n).
2
Let h(y) be the third derivative of 7/60*y**5 - 3*y**2 - 1/12*y**4 - 7/6*y**3 + 0 + 0*y - 1/120*y**6. What is h(6)?
17
Let w(h) = h**2 + 4*h + 1. Let r be w(-2). Suppose 5*s - 12 = s. Let b(q) = -s*q + 1 - 1 - 2*q**2 + 0 + 4. Calculate b(r).
-5
Let c(i) be the second derivative of -i**6/720 - i**5/8 - 5*i**4/6 + 2*i. Let x(d) be the third derivative of c(d). Give x(0).
-15
Let o(p) = -7*p**2 + 28*p + 3. Let r(s) = -4*s**2 + 16*s + 2. Let j(n) = 3*o(n) - 5*r(n). Give j(-5).
-46
Let x = -5284 + 5287. Let g(r) = 9*r**3 - r**2 - 11*r - 6. Let l(c) = -5*c**3 + 6*c + 3. Let h(p) = -3*g(p) - 5*l(p). What is h(x)?
-15
Let p = 826 + -821. Let b(w) = w**3 - 2*w**2 - 6*w + 4. Let j(u) = u**3 - u**2 - 6*u + 5. Let n(r) = -3*b(r) + 2*j(r). Calculate n(p).
3
Let u(o) = 3. Let g(p) = -p + 7. Let x(t) = 2*g(t) - 5*u(t). What is x(-3)?
5
Let u(w) = -3*w**2 + 0*w**2 + w**2 + 4*w. Let r = 4614 - 4611. Determine u(r).
-6
Let g(n) = 5*n + 9. Let r(s) = 6*s + 10. Let y(u) = -3*g(u) + 2*r(u). Calculate y(-3).
2
Suppose 0 = 5*y - 4*i + 20, 2*y - i = -3 - 2. Let k(u) = 1 - 8 + y + u**2 + 9*u - 3*u. What is k(-6)?
-7
Let s be 26/(-4) - 1/(-2). Let j(o) be the second derivative of o**4/12 + o**3 - 2*o**2 + 589*o. Calculate j(s).
-4
Let h(m) = -16*m**2 - 3*m + 5. Let i(v) = -9*v**2 - v + 2. Let c(n) = -4*h(n) + 7*i(n). Suppose 3*x + 2*x = -35. Give c(x).
8
Let q = 20 - 55. Let v = 37 + q. Let j(n) = -5 + 2*n**v - n**2 + 0*n**2 + 8*n. Give j(-8).
-5
Let s(x) be the second derivative of -x**